test common divisor of 5535 and 278240.
5
Calculate the highest common divisor of 1985 and 319400395.
1985
What is the highest common factor of 1620 and 39208476?
12
What is the highest common factor of 477 and 16055979?
159
Calculate the highest common divisor of 8017273 and 55.
11
Calculate the greatest common divisor of 259518946 and 718.
718
What is the highest common divisor of 3 and 72673056?
3
Calculate the greatest common factor of 22191170 and 5.
5
What is the greatest common factor of 6912 and 173529?
27
Calculate the greatest common factor of 13056 and 161238336.
3264
Calculate the greatest common factor of 28 and 18794426.
14
Calculate the greatest common divisor of 69657 and 38199.
2247
What is the highest common divisor of 651302 and 1697776?
7318
What is the highest common factor of 214 and 3165167?
107
What is the highest common divisor of 1376685 and 450?
45
What is the highest common factor of 151451487 and 6732?
1683
Calculate the highest common factor of 22400 and 4856.
8
Calculate the highest common divisor of 1172243111 and 12394.
6197
What is the highest common divisor of 4328 and 21825563?
541
What is the greatest common factor of 38059404 and 48?
12
What is the highest common divisor of 449461 and 80081?
73
What is the highest common factor of 507 and 1491126?
39
What is the highest common factor of 127302858 and 1491?
213
What is the greatest common factor of 1187208492 and 2220?
444
Calculate the highest common factor of 135824360 and 9870.
3290
Calculate the highest common divisor of 19899756 and 408.
12
What is the highest common divisor of 66442107 and 9785?
1957
Calculate the highest common divisor of 39074355 and 3895.
95
What is the highest common divisor of 2382 and 3467398?
794
Calculate the highest common factor of 3223731 and 7.
7
Calculate the highest common divisor of 21669 and 18131361.
699
Calculate the highest common factor of 5156002 and 2806.
46
Calculate the greatest common divisor of 4394 and 674547107.
2197
Calculate the highest common divisor of 269267 and 82333.
293
Calculate the greatest common divisor of 19307 and 32.
1
Calculate the highest common factor of 792 and 314325792.
792
What is the greatest common factor of 1298290 and 3715?
5
What is the greatest common factor of 842444 and 460?
92
Calculate the highest common divisor of 852 and 196068.
12
Calculate the greatest common factor of 15458 and 9324842.
262
What is the greatest common factor of 285 and 1850625?
15
What is the highest common factor of 1869840 and 234360?
2520
Calculate the greatest common factor of 3287121 and 2407.
29
Calculate the highest common divisor of 231 and 15519.
21
What is the highest common factor of 3 and 525632244?
3
What is the greatest common factor of 2096 and 141426552?
1048
Calculate the highest common factor of 127625 and 39625.
125
What is the highest common divisor of 10440 and 285128?
232
What is the greatest common factor of 143100 and 7254216?
1908
Calculate the highest common factor of 6166514 and 1788.
298
Calculate the greatest common divisor of 33 and 9654194.
11
What is the highest common divisor of 6662 and 32120833?
3331
What is the greatest common divisor of 462720 and 43740?
60
Calculate the greatest common factor of 1798 and 23022491.
899
Calculate the greatest common divisor of 21840643 and 99.
11
What is the greatest common factor of 393230993 and 3704?
463
Calculate the highest common factor of 39 and 689108524.
13
Calculate the highest common divisor of 9441 and 33426385.
1049
What is the greatest common factor of 5583475 and 125?
25
What is the greatest common factor of 57691288 and 111?
37
Calculate the greatest common divisor of 3708 and 4147707.
309
What is the greatest common divisor of 87 and 1253785971?
87
Calculate the greatest common divisor of 44730 and 52290.
630
Calculate the greatest common factor of 31525 and 1559275.
2425
Calculate the greatest common factor of 667576 and 258328.
392
Calculate the greatest common factor of 118781624 and 208.
104
What is the highest common divisor of 900 and 815500?
100
What is the greatest common divisor of 57 and 1008533243?
19
Calculate the highest common factor of 15015 and 926380.
455
Calculate the greatest common factor of 591616 and 6784.
128
What is the greatest common divisor of 816855 and 767?
767
Calculate the greatest common divisor of 23066 and 139878.
38
What is the greatest common factor of 318950771 and 1201?
1201
Calculate the highest common divisor of 245453236 and 532.
28
What is the greatest common factor of 456793 and 1081?
47
What is the greatest common divisor of 37410931 and 17?
17
What is the greatest common divisor of 22870074 and 1086?
1086
Calculate the highest common factor of 61880 and 6906760.
4760
What is the greatest common factor of 41164 and 234520?
164
What is the highest common divisor of 384362 and 319?
11
What is the greatest common factor of 263015 and 6847?
41
What is the greatest common factor of 4471292 and 1711384?
12052
What is the highest common divisor of 5063467 and 17731?
2533
What is the greatest common divisor of 16 and 437761?
1
Calculate the greatest common divisor of 3124267 and 327.
109
What is the greatest common divisor of 104228360 and 2312?
136
What is the greatest common factor of 34 and 6825993?
17
What is the highest common divisor of 41 and 963695857?
41
Calculate the highest common factor of 727904 and 35443.
529
What is the greatest common divisor of 116 and 709963036?
116
What is the highest common divisor of 46369 and 2023564?
521
What is the greatest common factor of 1306588 and 32639?
257
Calculate the highest common divisor of 1731260 and 19795.
535
Calculate the greatest common factor of 11880109 and 265.
53
What is the greatest common factor of 866523 and 49?
7
What is the highest common factor of 151774327 and 94?
47
Calculate the greatest common factor of 43585521 and 21.
21
What is the greatest common divisor of 1272 and 212572824?
1272
Calculate the highest common divisor of 289642 and 15908.
194
Calculate the highest common factor of 90660 and 22980.
60
Calculate the highest common divisor of 18785511 and 152919.
11763
Calculate the highest common divisor of 78 and 57417048.
78
What is the greatest common divisor of 87358 and 11625?
31
What is the highest common factor of 1570064 and 1200?
16
What is the highest common factor of 18 and 2962752?
6
What is the highest common factor of 1421 and 871269?
49
What is the greatest common divisor of 24 and 176241688?
8
Calculate the highest common factor of 1916 and 230000.
4
Calculate the greatest common divisor of 549 and 396063.
9
Calculate the highest common divisor of 27580230 and 108.
54
What is the highest common divisor of 788628225 and 165?
165
Calculate the greatest common divisor of 6728 and 100056.
8
Calculate the highest common factor of 2 and 17639006.
2
Calculate the highest common divisor of 19051699 and 513.
19
What is the greatest common divisor of 2227443 and 516339?
1671
What is the greatest common divisor of 2900601 and 28240?
353
What is the greatest common divisor of 835 and 57525655?
835
What is the highest common divisor of 608 and 20613347?
19
What is the greatest common factor of 94083 and 6105?
33
What is the greatest common factor of 5271600 and 52525?
4775
What is the highest common factor of 1075900 and 96425?
5075
What is the highest common factor of 52913124 and 924?
132
Calculate the greatest common factor of 35039 and 358123.
37
What is the greatest common divisor of 52396494 and 30?
6
What is the highest common divisor of 36692659 and 69?
23
Calculate the greatest common divisor of 4620 and 26806934.
154
Calculate the highest common divisor of 196675 and 50.
25
Calculate the highest common factor of 72 and 27357327.
9
What is the highest common divisor of 264971 and 10206?
7
What is the highest common factor of 655056 and 1392?
48
What is the greatest common factor of 163934368 and 13?
13
What is the greatest common divisor of 28046392 and 2288?
88
What is the greatest common divisor of 207 and 1533681?
9
Calculate the highest common divisor of 36173 and 1411113.
61
Calculate the highest common divisor of 76410 and 386578.
566
Calculate the highest common divisor of 615601 and 28